3?
4
What is the hundred thousands digit of 6458283?
4
What is the thousands digit of 3516430?
6
What is the hundreds digit of 14193315?
3
What is the tens digit of 5952321?
2
What is the units digit of 191470?
0
What is the millions digit of 16991036?
6
What is the millions digit of 3694004?
3
What is the units digit of 969819?
9
What is the ten thousands digit of 77255?
7
What is the ten thousands digit of 5286868?
8
What is the millions digit of 1142675?
1
What is the units digit of 198313?
3
What is the hundred thousands digit of 401725?
4
What is the hundreds digit of 1744601?
6
What is the tens digit of 334673?
7
What is the units digit of 19635325?
5
What is the hundred thousands digit of 221861?
2
What is the hundreds digit of 1390063?
0
What is the tens digit of 355107?
0
What is the units digit of 1401583?
3
What is the millions digit of 3798342?
3
What is the hundred thousands digit of 607319?
6
What is the ten thousands digit of 3327384?
2
What is the hundreds digit of 12342?
3
What is the tens digit of 2125465?
6
What is the hundreds digit of 1720661?
6
What is the tens digit of 652444?
4
What is the units digit of 450879?
9
What is the ten thousands digit of 266072?
6
What is the tens digit of 28653638?
3
What is the units digit of 1317610?
0
What is the tens digit of 307421?
2
What is the tens digit of 1573972?
7
What is the hundreds digit of 4529553?
5
What is the millions digit of 14302317?
4
What is the ten thousands digit of 210629?
1
What is the tens digit of 4865136?
3
What is the tens digit of 28970?
7
What is the millions digit of 1982975?
1
What is the tens digit of 4095310?
1
What is the ten thousands digit of 11488896?
8
What is the tens digit of 181475?
7
What is the ten thousands digit of 119648?
1
What is the hundreds digit of 13626267?
2
What is the thousands digit of 932968?
2
What is the ten thousands digit of 141873?
4
What is the thousands digit of 631320?
1
What is the hundreds digit of 18750927?
9
What is the hundreds digit of 1102804?
8
What is the units digit of 6920623?
3
What is the thousands digit of 89873?
9
What is the units digit of 159939?
9
What is the hundreds digit of 1532951?
9
What is the thousands digit of 163793?
3
What is the hundred thousands digit of 601834?
6
What is the thousands digit of 782371?
2
What is the thousands digit of 5302749?
2
What is the hundred thousands digit of 300965?
3
What is the tens digit of 1670300?
0
What is the thousands digit of 222424?
2
What is the hundred thousands digit of 8561449?
5
What is the tens digit of 776147?
4
What is the tens digit of 3532699?
9
What is the millions digit of 10318077?
0
What is the units digit of 52978?
8
What is the hundred thousands digit of 5286552?
2
What is the thousands digit of 657916?
7
What is the thousands digit of 200089?
0
What is the hundred thousands digit of 319266?
3
What is the millions digit of 1200767?
1
What is the units digit of 12755744?
4
What is the units digit of 12113071?
1
What is the hundreds digit of 2302269?
2
What is the thousands digit of 93688?
3
What is the hundred thousands digit of 1086441?
0
What is the hundred thousands digit of 216154?
2
What is the tens digit of 2107184?
8
What is the tens digit of 1618981?
8
What is the thousands digit of 164631?
4
What is the hundreds digit of 1203165?
1
What is the thousands digit of 819389?
9
What is the hundreds digit of 7522155?
1
What is the ten thousands digit of 9762225?
6
What is the units digit of 59426?
6
What is the hundred thousands digit of 1792795?
7
What is the ten thousands digit of 528518?
2
What is the ten thousands digit of 186059?
8
What is the ten thousands digit of 48887?
4
What is the ten thousands digit of 939440?
3
What is the millions digit of 3603925?
3
What is the thousands digit of 2606050?
6
What is the ten thousands digit of 982426?
8
What is the ten thousands digit of 1391340?
9
What is the ten thousands digit of 711844?
1
What is the hundred thousands digit of 968339?
9
What is the thousands digit of 2766110?
6
What is the units digit of 295781?
1
What is the hundreds digit of 8031395?
3
What is the tens digit of 13492943?
4
What is the tens digit of 11672769?
6
What is the tens digit of 222094?
9
What is the units digit of 9418737?
7
What is the ten thousands digit of 8018715?
1
What is the hundred thousands digit of 688349?
6
What is the hundred thousands digit of 1827412?
8
What is the thousands digit of 2163981?
3
What is the thousands digit of 430917?
0
What is the ten millions digit of 22675998?
2
What is the units digit of 491060?
0
What is the hundred thousands digit of 3296632?
2
What is the thousands digit of 1860651?
0
What is the millions digit of 3974296?
3
What is the tens digit of 240071?
7
What is the hundreds digit of 644900?
9
What is the thousands digit of 145410?
5
What is the tens digit of 23300?
0
What is the ten thousands digit of 405922?
0
What is the units digit of 631286?
6
What is the ten thousands digit of 10096953?
9
What is the thousands digit of 764558?
4
What is the thousands digit of 3289066?
9
What is the hundreds digit of 16762957?
9
What is the hundred thousands digit of 275626?
2
What is the millions digit of 2733330?
2
What is the hundred thousands digit of 13278606?
2
What is the hundred thousands digit of 915821?
9
What is the units digit of 22596?
6
What is the thousands digit of 22703017?
3
What is the units digit of 4164560?
0
What is the thousands digit of 7369708?
9
What is the hundred thousands digit of 317470?
3
What is the hundred thousands digit of 2208840?
2
What is the tens digit of 2124300?
0
What is the thousands digit of 378384?
8
What is the hundreds digit of 191653?
6
What is the ten thousands digit of 1293248?
9
What is the units digit of 2128584?
4
What is the hundred thousands digit of 1992481?
9
What is the tens digit of 516838?
3
What is the ten thousands digit of 653057?
5
What is the ten thousands digit of 478038?
7
What is the hundreds digit of 144364?
3
What is the units digit of 9974590?
0
What is the units digit of 290044?
4
What is the tens digit of 679675?
7
What is the ten thousands digit of 798756?
9
What is the thousands digit of 8464960?
4
What is the hundreds digit of 15886?
8
What is the tens digit of 833447?
4
What is the ten thousands digit of 91171?
9
What is the tens digit of 204847?
4
What is the units digit of 2484377?
7
What is the tens digit of 193374?
7
What is the millions digit of 11859096?
1
What is the hundred thousands digit of 12787461?
7
What is the units digit of 420109?
9
What is the ten thousands digit of 12060571?
6
What is the tens digit of 16820?
2
What is the millions digit of 4198792?
4
What is the tens digit of 4849087?
8
What is the thousands digit of 216098?
6
What is the units digit of 16879?
9
What is the ten thousands digit of 4945349?
4
What is the hundred thousands digit of 1177013?
1
What is the hundreds digit of 6095363?
3
What is the millions digit of 1521885?
1
What is the ten thousands digit of 152099?
5
What is the hundred thousands digit of 2563190?
5
What is the units digit of 14311745?
5
What is the thousands digit of 510220?
0
What is the tens digit of 10158073?
7
What is the hundred thousands digit of 212044?
2
What is the ten thousands digit of 752265?
5
What is the units digit of 140863?
3
What is the units digit of 42811?
1
What is the tens digit of 476262?
6
What is the thousands digit of 134801?
4
What is the hundred thousands digit of 1905451?
9
What is the millions digit of 13163657?
3
What is the ten thousands digit of 5030178?
3
What is the units digit of 5137731?
1
What is the hundreds digit of 28543?
5
What is the tens digit of 1080423?
2
What is the hundred thousands digit of 393839?
3
What is the ten thousands digit of 33896487?
9
What is the ten thousands digit of 25079654?
7
What is the tens digit of 183308?
0
What is the ten thousands digit of 313147?
1
What is the tens digit of 670757?
5
What is the ten thousands digit of 423375?
2
What is the millions digit of 11988973?
1
What is the hundreds digit of 327333?
3
What is the ten thousands digit of 542377?
4
What is the tens digit of 56885?
8
What is the tens digit of 308748?
4
What is the units digit of 15250?
0
What is the tens digit of 